n factor of 305721 and 7722.
351
Calculate the highest common divisor of 496 and 32464.
16
What is the highest common divisor of 8264 and 3432?
8
Calculate the greatest common divisor of 56175 and 140.
35
Calculate the highest common divisor of 5388 and 5472.
12
What is the greatest common factor of 159 and 6466?
53
Calculate the highest common factor of 201504 and 1824.
96
Calculate the greatest common factor of 10438 and 50.
2
Calculate the highest common factor of 85 and 21290.
5
Calculate the greatest common factor of 3999 and 81743.
43
What is the highest common divisor of 66560 and 325?
65
What is the greatest common divisor of 102410 and 21168?
98
Calculate the highest common factor of 1596 and 44100.
84
What is the greatest common divisor of 56930 and 70?
10
What is the greatest common divisor of 5515331 and 23?
23
What is the greatest common factor of 483 and 98877?
69
Calculate the greatest common divisor of 1588006 and 56.
14
Calculate the greatest common divisor of 12008 and 72.
8
Calculate the greatest common factor of 4387 and 205.
41
Calculate the greatest common divisor of 3475 and 31970.
695
Calculate the highest common divisor of 65792 and 1280.
256
Calculate the greatest common divisor of 1849383 and 9.
9
What is the highest common divisor of 17 and 172703?
17
Calculate the greatest common divisor of 81461 and 212.
53
Calculate the highest common factor of 10755 and 5.
5
Calculate the greatest common divisor of 17 and 118949.
17
What is the greatest common factor of 159711 and 417?
417
Calculate the greatest common factor of 7777340 and 40.
20
What is the greatest common divisor of 2256 and 2773?
47
Calculate the highest common divisor of 55 and 117205.
55
Calculate the highest common factor of 1890 and 98550.
270
Calculate the highest common divisor of 2066196 and 198.
66
What is the greatest common factor of 30112 and 2224?
16
Calculate the highest common factor of 208757 and 214.
107
Calculate the highest common factor of 94374 and 1071.
63
What is the greatest common divisor of 206737 and 816?
17
What is the greatest common divisor of 2501 and 23411?
41
Calculate the greatest common factor of 336886 and 22.
22
Calculate the highest common factor of 9263 and 1357.
59
What is the highest common divisor of 543933 and 351?
117
What is the highest common factor of 83840 and 8?
8
Calculate the highest common divisor of 15 and 490083.
3
What is the highest common divisor of 708 and 648?
12
Calculate the greatest common divisor of 20401 and 713.
23
What is the highest common factor of 2304 and 621?
9
Calculate the highest common divisor of 133404 and 42.
6
What is the highest common divisor of 216744 and 330?
66
Calculate the greatest common factor of 165414 and 18.
6
Calculate the greatest common divisor of 2 and 262732.
2
What is the greatest common divisor of 4830 and 93450?
210
What is the greatest common divisor of 640 and 9340?
20
What is the highest common factor of 1352 and 173732?
676
What is the greatest common factor of 1674 and 247644?
54
Calculate the highest common divisor of 91 and 28483.
91
What is the greatest common factor of 115584 and 504?
168
What is the greatest common divisor of 240533 and 17?
17
What is the greatest common factor of 1717 and 1921?
17
What is the highest common divisor of 22141 and 1127?
7
Calculate the highest common factor of 2370 and 1016256.
474
What is the highest common divisor of 365 and 1225?
5
Calculate the greatest common divisor of 205 and 100.
5
What is the greatest common factor of 948 and 85557?
237
Calculate the highest common divisor of 352 and 271568.
176
What is the highest common factor of 12837 and 11?
11
Calculate the greatest common factor of 5037 and 3519.
69
Calculate the highest common factor of 22 and 132572.
22
Calculate the greatest common factor of 161 and 98.
7
What is the greatest common divisor of 36651 and 95?
19
What is the highest common divisor of 2001 and 1?
1
Calculate the highest common divisor of 16 and 146288.
16
What is the greatest common divisor of 1278 and 140722?
142
Calculate the highest common factor of 56 and 387492.
28
What is the highest common divisor of 4636 and 11324?
76
What is the highest common divisor of 271199 and 103?
103
What is the greatest common factor of 942 and 42?
6
Calculate the highest common factor of 298494 and 140595.
2163
What is the greatest common factor of 66680 and 10?
10
What is the greatest common divisor of 187 and 607733?
17
What is the highest common divisor of 1421 and 493?
29
Calculate the highest common divisor of 669 and 352117.
223
Calculate the highest common factor of 11210 and 415360.
590
What is the highest common divisor of 41323 and 172?
43
Calculate the highest common factor of 22 and 354794.
22
Calculate the greatest common factor of 1199 and 85783.
109
Calculate the highest common factor of 343 and 55027.
49
What is the greatest common factor of 188901 and 27?
9
Calculate the greatest common factor of 582923 and 269.
269
Calculate the greatest common factor of 321300 and 238.
238
What is the greatest common divisor of 2826 and 774?
18
Calculate the greatest common divisor of 1681643 and 223.
223
What is the highest common factor of 6180 and 1260?
60
What is the highest common factor of 803305 and 5899?
347
What is the greatest common factor of 348426 and 18?
18
What is the greatest common divisor of 15382208 and 64?
64
What is the highest common divisor of 2835 and 318654?
567
What is the highest common factor of 35953 and 471?
157
Calculate the highest common factor of 567802 and 518.
74
Calculate the greatest common divisor of 177 and 110507.
59
What is the highest common divisor of 24510 and 6726?
114
Calculate the highest common divisor of 190 and 48982.
38
Calculate the greatest common factor of 1184 and 5632.
32
Calculate the greatest common divisor of 24 and 149052.
12
What is the greatest common divisor of 4669 and 47705?
203
Calculate the highest common divisor of 776 and 233867.
97
What is the highest common divisor of 3330 and 413370?
90
What is the highest common divisor of 29288 and 35?
7
What is the highest common divisor of 574168 and 392?
56
What is the greatest common factor of 894 and 52448?
298
What is the greatest common divisor of 2212 and 59092?
316
What is the highest common factor of 2792 and 16?
8
Calculate the highest common factor of 235 and 56165.
235
Calculate the greatest common divisor of 2533154 and 26.
26
Calculate the highest common divisor of 695096 and 272.
136
Calculate the greatest common divisor of 3684 and 19.
1
What is the greatest common factor of 10400 and 1456?
208
Calculate the greatest common divisor of 192 and 1980.
12
What is the greatest common divisor of 2379 and 341783?
793
Calculate the greatest common factor of 31004 and 6066.
674
Calculate the greatest common factor of 7777 and 2525.
101
Calculate the highest common divisor of 3831 and 18.
3
Calculate the highest common divisor of 328 and 200.
8
Calculate the highest common divisor of 144 and 26100.
36
What is the greatest common divisor of 867440 and 1120?
560
Calculate the greatest common factor of 257621 and 38.
19
What is the highest common factor of 992 and 544?
32
What is the greatest common divisor of 2745 and 4635?
45
What is the greatest common divisor of 131500 and 4100?
100
Calculate the highest common divisor of 73176 and 24.
24
Calculate the greatest common factor of 40011 and 3.
3
Calculate the greatest common divisor of 665878 and 19409.
1493
What is the highest common factor of 13600 and 1850?
50
What is the highest common factor of 303 and 605091?
303
Calculate the highest common factor of 1547693 and 322.
161
Calculate the greatest common factor of 33737 and 44.
11
Calculate the highest common factor of 6027 and 43419.
123
What is the greatest common factor of 11 and 503437?
11
What is the highest common factor of 255860 and 220?
220
Calculate the highest common divisor of 7630 and 865.
5
Calculate the highest common factor of 774819 and 81.
27
Calculate the greatest common divisor of 17550 and 923.
13
Calculate the greatest common factor of 2599 and 1242.
23
Calculate the greatest common divisor of 399 and 263739.
399
Calculate the highest common divisor of 1032 and 96